 + o)*-99?
6
Suppose 24*m - 13100 = 4*m. What is the tens digit of m?
5
What is the tens digit of 32/(-10)*(-1386 - -66)?
2
Let h be ((-6)/(-4))/(-3)*-94. Let o = -1451 + 1456. Suppose -4*z = 4*r - 96, 4*z = o*r - 82 - h. What is the units digit of r?
5
Suppose -4*i + 5*b + 45 = -9, 5*i - 88 = -4*b. Suppose 3*f + f = 4*q - i, 0 = -5*f - 3*q - 4. What is the units digit of 1 + -2 + 7 + f?
4
Let l = -821 - -1590. What is the units digit of l?
9
What is the units digit of 0 - 3 - (-3 - 427)?
7
Let h be 12/14 - 1/(-7). What is the tens digit of -6 - -9 - (h - 174)?
7
Suppose 0 = 28*m - 32*m + 1864. What is the hundreds digit of m?
4
Let p = -275 - -545. What is the tens digit of p?
7
Let s(t) = t**3 - 5*t**2 - 5*t + 7. Let d be s(6). Let i = d - 13. Suppose -5*n + 60 = -4*f - i*f, -f + 60 = 5*n. What is the units digit of n?
2
Suppose 8 = -m - 2*d, 5*d = -3*m + 2*m - 14. Let q be 1/m + (-27)/36. What is the tens digit of q*((-38)/2 - 0)?
1
Let x(v) = 760*v**2 - 11*v - 7. What is the tens digit of x(-2)?
5
Let p(o) be the third derivative of o**5/12 - o**4/24 + o**3/6 - 2*o**2. Let l be p(-3). Let w = -2 + l. What is the units digit of w?
7
Suppose -a + 30 = 2*a. Let r be 9/15 + 1564/a. Suppose -r = -4*d - 9. What is the tens digit of d?
3
Suppose 14 = 5*c + 4. Suppose 0 = 4*i - c*y - 164, -2*i - y + 158 = 2*i. What is the units digit of i?
0
Let d be ((-2)/2)/(2/(-6) - 0). Suppose 0 = 4*z - q - 313, 2*z - d*q - 240 = -71. What is the tens digit of z?
7
Let c(m) = 42*m + 230. What is the tens digit of c(71)?
1
Let h(z) = -z + 19. Let f be h(11). Let w = f + -3. What is the units digit of w?
5
Suppose 727 + 6770 = 7*t. What is the tens digit of t?
7
Let j = -14 + 20. Let d be (-8)/14 + j/(-14). What is the units digit of (-308)/(-42)*(-3)/d?
2
Suppose 231*j - 224*j = 7882. What is the tens digit of j?
2
Let h(y) = 95*y**2 - 18*y - 42. What is the tens digit of h(-5)?
2
Suppose -2*r = -7*r - 3*d + 834, 0 = 2*r - 2*d - 340. Let k = -116 + r. What is the units digit of k?
2
Let u be (10/36 + 2/9)*-362. Let i = -31 - u. What is the hundreds digit of i?
1
Suppose 3*a = -i - 38, 4*i - 14 = 2. Let f = a + 19. Let x(p) = 2*p**2 - 2*p - 6. What is the tens digit of x(f)?
3
Let o = 261 - 202. What is the tens digit of o?
5
Let f = 2650 - 164. What is the units digit of f?
6
Suppose -x + 503 = i, 2465 = 5*i - 8*x + 3*x. What is the hundreds digit of i?
4
What is the tens digit of (-1 + -733)/(35 - 37)?
6
Let u = 8545 - 5030. What is the thousands digit of u?
3
Let l(k) = 7*k**2 + 11*k + 54. Let y be (-54)/10 + 3*2/15. What is the tens digit of l(y)?
7
Let p = 398 + -58. What is the hundreds digit of p?
3
Let y(w) = -w**3 - 6*w**2 - 8*w - 4. Let f be y(-5). Suppose -100 = f*t - 12*t. What is the units digit of t?
0
Suppose -45*l + 40*l + 4*r = -3673, -2*r + 1480 = 2*l. What is the units digit of l?
7
Suppose u - 3*s - 1 + 3 = 0, 0 = 5*u - 2*s - 16. Let y = u - 7. What is the units digit of 6/(0 - y/5)?
0
Let t(f) = -f**2 - 5*f + 19. Let b be 5 + (-8)/4 - -3. Let h be b/(-3) - (3 - -1). What is the units digit of t(h)?
3
Suppose -3*b + 5 = -c, -2*b = -c - 4*b + 15. Suppose -y = -c*y. Suppose y = -z + 4*m + 44, 4*m - 19 = -z + 41. What is the tens digit of z?
5
Let u(f) = 161*f + 62. What is the hundreds digit of u(6)?
0
Let s(w) = w**3 + 13*w**2 - 29*w + 13. Let v be s(-15). What is the tens digit of (-2*(-3)/v)/((-30)/2110)?
1
Let j = 14 + -14. Suppose j = 2*l, 9*f + 3*l - 700 = 4*f. What is the units digit of f?
0
Suppose -2*t - 3*i + 700 = -0*t, 3*i + 12 = 0. What is the hundreds digit of t?
3
Let z be 4/(3 + 25/(-9)). Suppose -l = -2*d + l + z, 3*d + l = 39. Suppose 5*x - 165 = -5*h, -d - 87 = -3*x + 2*h. What is the units digit of x?
3
Let y = -220 - -687. What is the units digit of y?
7
Let p = 47 - 50. What is the tens digit of p - 86*(1 + 3 + -5)?
8
Let t(q) = -q**3 - 8*q**2 + 4*q - 1. Let l(n) = 2*n**3 + 17*n**2 - 9*n + 2. Let u(f) = 6*l(f) + 13*t(f). What is the units digit of u(-2)?
3
Let f(t) = 3 - 274*t + 90*t + 90*t + 93*t. Suppose -2*d = 4*k + 20, 5*d + 14 = 5*k + 39. What is the units digit of f(d)?
3
Let i = 1180 + -696. What is the tens digit of i?
8
Let b(k) = k**3 - 5*k**2 + 4*k + 5. Let g be b(4). Suppose g*c - 4*i = -5*i + 228, -2*c = 5*i - 82. What is the tens digit of c?
4
Suppose -4*g - 7 - 13 = 0. Let q(a) = 2*a**2 - 3. What is the units digit of q(g)?
7
Let v be 3*(-6 + 3)*(-4)/(-6). Let w(s) = s**2 + 6. What is the units digit of w(v)?
2
Let o(j) be the first derivative of 9/2*j**4 + 3 + 1/2*j**2 - 1/3*j**3 - j. What is the tens digit of o(1)?
1
Suppose 0 = -2*w - 0 + 82. Let y = 146 - w. What is the units digit of y?
5
Suppose 432 = 8*b - 96. Let s = 133 - b. What is the tens digit of s?
6
Suppose 7147 + 161 = 9*g. What is the tens digit of g?
1
Suppose -4*m + 45 = 2*s - 37, 4*s - 24 = -m. Let a be (-11)/22*m/(-2). Suppose -4*b + b - 5*f = -3, 0 = -5*b + a*f + 5. What is the units digit of b?
1
Let q(u) = 38*u + 525. What is the tens digit of q(12)?
8
What is the thousands digit of (-9579)/(-4) - (-4 - (-15)/4)?
2
What is the units digit of (-3612)/((-84)/14) + 0 + 0?
2
Suppose -4*n = 4*b + 36, 3*n + 0 = -2*b - 23. What is the tens digit of 4/12*(b + 3)*-633?
1
Let q be 1*3 - (-6 + 0). Suppose q = 3*v - 0. Let n = 4 - v. What is the units digit of n?
1
Let o(t) = 852*t**2 - 6*t - 5. What is the tens digit of o(-1)?
5
Suppose 3*i + 39 + 57 = 0. Let r = 19 + i. Let g = r - -20. What is the units digit of g?
7
Suppose 4*s - 3*x + 25 = -42, 3 = 3*x. Let t = 61 + s. Let l = t - -17. What is the tens digit of l?
6
Let q(t) = t**2 + 4*t - 10. Let v be q(2). Suppose 2*l + 53 = 3*r - 0*l, 0 = -4*r + 5*l + 73. Let c = r + v. What is the tens digit of c?
1
Suppose 4*k - 3*n + 3 = 0, -k = 5*n - 6*n + 2. Suppose 6*c = k*c + 306. What is the tens digit of c?
0
Let d be (7 + 0)*56/(-8). Let r = d - -72. Let i = -9 + r. What is the tens digit of i?
1
Suppose 732*x = 740*x - 24344. What is the hundreds digit of x?
0
What is the tens digit of (800/60 + 4*-1)*3?
2
Suppose 0 = -5*n - 3*i + i + 162, -2*n = 5*i - 48. What is the tens digit of n?
3
Let r be -10*(3 + (-14)/4). Let g(p) = -6 + r*p + 3*p**2 - 1 - 2*p**2. What is the units digit of g(5)?
3
Suppose 17*v - 22*v = -11080. What is the hundreds digit of v?
2
Suppose 5*h + 151 = 891. Suppose 0 = -11*s + 9*s - 2*k + 10, -10 = 2*s - 2*k. Suppose 4*d - h = -s*d. What is the tens digit of d?
3
Let j(x) be the third derivative of -31*x**6/360 - x**5/120 - x**4/12 - 11*x**2. Let z(t) be the second derivative of j(t). What is the units digit of z(-1)?
1
Suppose -3*q = 3 - 39. Let v = 24 + q. Let o = v - 5. What is the tens digit of o?
3
Let o be ((-24)/(-5))/(-3)*5. Suppose -2*r = -10*r - 32. What is the units digit of (-7)/r + (-2)/o?
2
Let n be (12/(-1))/3 + 7. Suppose -18 = -0*g + n*g. What is the units digit of (-6)/(-2)*(-22)/g?
1
Let v(j) = 19*j**2 + 5*j - 15. Suppose 0 = g + 3 - 2, -13 = 2*o + 5*g. What is the tens digit of v(o)?
6
Let i(g) = 31*g**2 + 43*g + 270. What is the thousands digit of i(-13)?
4
Suppose 350 = -9*g - 2233. Let w = g + 414. What is the hundreds digit of w?
1
Suppose -4*t - 4 - 4 = 0. Let y(h) = h**2 + 3*h + 1. Let j be y(t). Let v(c) = -16*c**3 - 2*c**2 - c. What is the tens digit of v(j)?
1
Let v(h) = h**2 - 4*h - 17. Let c be v(7). What is the tens digit of c*(2 + (-6)/(-8)*6)?
2
What is the units digit of (-2)/(-8) - 1*4317/(-12)?
0
Let d(i) = 4*i - 1. Let p be d(1). What is the tens digit of 87/2*2/p?
2
Let o(i) = 47*i - 13. Let c be o(4). Suppose 0 = -r + 3*s + 40, 4*r - 2*s - c = 15. Suppose -4*j = -j + 15, 0 = u - 5*j - r. What is the tens digit of u?
2
Let h(r) be the first derivative of 14*r**3/3 + r + 1. Suppose -z - 1 = -2*z. What is the tens digit of h(z)?
1
Let y = -43 + 45. Suppose 437 = 4*l + 3*v, -5*l - y*v + 541 = -0*v. What is the tens digit of l?
0
Let g = -22 + 25. Suppose g*s - 4*b = -2*b + 16, -10 = -5*s - 5*b. Suppose -s*n + 27 = -9. What is the units digit of n?
9
Let t(x) = 7*x**3 + 2*x**2 - 2*x - 3. Let k be t(-2). What is the tens digit of 4 + -3 - (-4 + k)?
5
What is the hundreds digit of (-4616)/(-10) + (-119)/(-35) + -3?
4
Suppose 0 = 4*z - 0*z + 2*k - 1224, 5*z - 3*k = 1508. What is the units digit of z?
4
Suppose 77 = 34*o - 33*o. Let b = 